25
Let y(o) = -o**2 - 28*o - 131. Determine y(-6).
1
Let q(f) = -521*f - 2271. Give q(-4).
-187
Let w(y) = 9*y**2 + 178*y - 40. What is w(-19)?
-173
Let x(h) = 2*h**2 - 16*h - 20. Determine x(10).
20
Let i(m) = -350*m + 16793. Calculate i(48).
-7
Let d(z) = -z**3 + 62*z**2 + 192*z + 16. Determine d(65).
-179
Let c(j) = -29*j**2 - 15*j - 73. Calculate c(-4).
-477
Let k(a) = -a**2 - 157*a + 467. Give k(3).
-13
Let g(q) = 5*q**2 + 33*q + 34. Give g(-3).
-20
Let p(s) = -4*s**2 - 214*s + 8. Calculate p(-52).
320
Let v(h) = -23*h**3 - 7*h**2 - 17*h - 6. Calculate v(-3).
603
Let y(u) = -94*u - 1317. Determine y(-14).
-1
Let r(g) = g**3 + 55*g**2 + 68*g + 220. Give r(-54).
-536
Let d(h) = h**3 + h**2 - 27*h + 5. Give d(-6).
-13
Let f(l) = -l - 2. Give f(-3).
1
Let a(m) = m**3 - 66*m**2 + 55*m + 636. Give a(65).
-14
Let u(a) = a**3 - 3*a**2 - 65*a - 16. Calculate u(-4).
132
Let t(v) = 4*v**3 + 216*v**2 - v - 85. What is t(-54)?
-31
Let f(a) = 69*a**3 - a**2 - a + 16. Calculate f(2).
562
Let j(o) = -o**2 - 28*o + 18. What is j(-9)?
189
Let u(m) = 54*m + 655. Give u(-12).
7
Let b(y) = 33*y - 629. Determine b(19).
-2
Let o(d) = d**3 + 12*d**2 + 18. Give o(-12).
18
Let f(u) = u**3 + u**2 + 11*u + 19. Determine f(-2).
-7
Let p(q) = -q**3 - 3*q**2 - 2*q - 6. Determine p(3).
-66
Let i(g) = 4*g - 12. Calculate i(3).
0
Let b(a) = -5*a**2 - 92*a - 411. Calculate b(-7).
-12
Let u(r) = r**3 + 23*r**2 + 176*r + 445. Calculate u(-7).
-3
Let f(k) = 2*k**3 + 111*k**2 + 260*k - 106. Calculate f(-53).
159
Let t(h) = -320*h + 929. Determine t(3).
-31
Let l(g) = -2*g**2 + 11*g + 36. Calculate l(7).
15
Let p(a) = a**3 + 26*a**2 - 57*a - 75. What is p(-28)?
-47
Let u(f) = -116*f - 1978. Determine u(-17).
-6
Let i(o) = 37*o + 768. Determine i(-20).
28
Let d(f) = f**3 - 33*f**2 + 84*f + 214. Determine d(30).
34
Let q(u) = 121*u**2 + 4*u + 11. Give q(-2).
487
Let v(o) = -906*o - 28973. Determine v(-32).
19
Let r(f) = 390*f - 1790. Give r(5).
160
Let i(v) = -46*v**2 + 98*v + 1. Calculate i(0).
1
Let q(z) = -21*z + 1813. Give q(57).
616
Let p(s) = -s**3 - 40*s**2 - 84*s - 315. What is p(-38)?
-11
Let y(w) = 151*w**2 - 1367*w + 52. Determine y(9).
-20
Let v(h) = h**3 + 19*h**2 + 21*h + 34. What is v(-18)?
-20
Let o(h) = 2*h**2 - 149*h - 52. Calculate o(74).
-126
Let j(q) = -q**3 + 39*q**2 + 41*q + 41. What is j(40)?
81
Let j(h) = h**3 - 33*h**2 + 113*h - 49. Determine j(29).
-136
Let i(m) = -2722*m - 133371. Determine i(-49).
7
Let r(f) = -f**2 - 144*f + 1222. Determine r(8).
6
Let p(u) = -802*u + 7197. What is p(9)?
-21
Let s(a) = -284*a - 292. What is s(-1)?
-8
Let h(s) = -s**3 - 29*s**2 - 14*s - 396. Calculate h(-29).
10
Let i(f) = -11*f + 94. Determine i(8).
6
Let p(s) = -s**3 - 8*s**2 + 4*s + 47. Calculate p(-7).
-30
Let f(c) = -c**3 - 20*c**2 + 40*c - 149. Determine f(-22).
-61
Let y(o) = 3*o**2 + 33*o + 14. Determine y(-7).
-70
Let p(t) = -t**3 - 28*t**2 + 5*t + 179. Calculate p(-28).
39
Let h(n) = n**3 - 20*n**2 + 15*n + 140. Give h(18).
-238
Let j(h) = 70*h**2 + 11*h + 3. Calculate j(1).
84
Let v(p) = p**3 - 18*p**2 + 4*p - 81. Give v(19).
356
Let m(r) = -356*r - 297. Give m(-1).
59
Let g(r) = 19*r - 771. Calculate g(40).
-11
Let x(s) = -104*s - 920. Give x(-14).
536
Let v(c) = -3*c**2 - 4089*c - 16309. Determine v(-4).
-1
Let u(w) = 87*w - 86. Give u(1).
1
Let v(u) = -3*u**3 + 3*u**2 - 6*u + 9. What is v(2)?
-15
Let j(r) = -3*r**3 + 164*r**2 + 58*r - 101. Give j(55).
64
Let v(m) = 163*m - 456. Give v(8).
848
Let t(d) = -515*d + 74143. Determine t(144).
-17
Let r(u) = -4*u**3 + 14*u**2 - 13*u + 46. Give r(4).
-38
Let h(y) = -y**3 - 20*y**2 - 203*y - 4706. Calculate h(-21).
-2
Let y(m) = -m**3 - 3*m**2 + 11*m + 8. Determine y(-4).
-20
Let y(o) = 1307*o + 10445. What is y(-8)?
-11
Let z(c) = -c**2 - 17*c - 53. Give z(-6).
13
Let m(z) = 4*z - 128. Calculate m(-24).
-224
Let u(c) = 12*c**3 - 122*c**2 + 44*c - 91. What is u(10)?
149
Let s(v) = -112*v - 437. Determine s(-4).
11
Let q(a) = 9*a**2 + 10*a + 21. Give q(-3).
72
Let t(l) = 11*l**2 + 2466*l + 2863. Calculate t(-223).
-36
Let b(f) = f**3 - 33*f**2 + 42*f - 385. Calculate b(32).
-65
Let v(q) = q**3 + 18*q**2 - 205*q - 2976. Calculate v(-21).
6
Let m(b) = b**2 + 39*b + 303. What is m(-10)?
13
Let s(w) = -2*w**3 - 15*w**2 - 31*w - 33. Determine s(-4).
-21
Let v(s) = 2*s**2 + 15*s + 18. Calculate v(-3).
-9
Let z(h) = -h**2 - 8*h + 5. Determine z(3).
-28
Let r(l) = l**2 - 693*l - 1389. What is r(-2)?
1
Let u(i) = i**2 - 165*i - 3101. Give u(-17).
-7
Let i(u) = 9*u - 239. Determine i(23).
-32
Let r(b) = 71*b + 196. Give r(0).
196
Let r(o) = 198*o**2 - 1365*o - 16. Give r(7).
131
Let f(i) = i**2 + 52*i + 458. What is f(-8)?
106
Let k(t) = 28*t**3 + 420*t**2 + 11*t + 147. Determine k(-15).
-18
Let b(z) = 40*z**2 + 95*z - 46. What is b(-3)?
29
Let t(y) = 4*y - 23. Give t(-27).
-131
Let g(d) = -1770*d - 1753. Calculate g(-1).
17
Let k(v) = -14*v - 1259. What is k(-96)?
85
Let p(l) = -5*l**2 - 64*l - 203. What is p(-5)?
-8
Let w(x) = 8*x**3 - 2*x**2 + 12*x + 11. What is w(-1)?
-11
Let n(a) = -7*a**2 + 249*a + 95. Determine n(36).
-13
Let g(c) = 486*c - 1979. Calculate g(4).
-35
Let a(o) = 81*o - 2434. Calculate a(30).
-4
Let g(b) = 6*b**2 + 165*b + 447. What is g(-3)?
6
Let g(c) = -4640*c + 18587. What is g(4)?
27
Let l(f) = -59*f + 797. Give l(12).
89
Let m(z) = z**3 + 7*z**2 - 23*z - 5. Give m(-10).
-75
Let d(k) = -12793*k + 12802. Determine d(1).
9
Let l(j) = -982*j + 2878. What is l(3)?
-68
Let i(w) = 2572*w + 7713. Calculate i(-3).
-3
Let o(z) = 1107*z + 2219. Give o(-2).
5
Let y(c) = -11*c**3 - 33*c**2 - c + 4. Determine y(-3).
7
Let a(u) = 2*u**2 - 84*u - 247. What is a(47)?
223
Let u(n) = 248*n + 1. Calculate u(-1).
-247
Let p(j) = -1662*j + 8316. Give p(5).
6
Let w(h) = -h**3 + 16*h**2 + 2*h + 21. What is w(16)?
53
Let f(s) = -7*s**2 + 117*s - 505. Determine f(6).
-55
Let i(m) = 37*m**2 + 741*m + 16. Calculate i(-20).
-4
Let g(h) = h**3 - 34*h**2 + 9*h + 702. Give g(33).
-90
Let a(d) = 4*d**3 + 3*d**2 - 94*d - 97. What is a(-1)?
-4
Let c(a) = -2*a**3 + 14*a**2 + 276*a - 1696. Calculate c(6).
32
Let l(u) = -9*u**2 + 11*u - 1. Give l(3).
-49
Let n(x) = -1423*x - 7135. Give n(-5).
-20
Let r(y) = 30*y - 311. What is r(10)?
-11
Let v(s) = 32*s**3 - 2*s**2 + 2*s. Determine v(2).
252
Let z(h) = -h**2 - 16*h + 136. Determine z(5).
31
Let f(a) = 35*a**2 - 5*a + 4. Give f(4).
544
Let o(z) = -z**2 + 76*z + 485. What is o(-6)?
-7
Let z(j) = -j**2 - 1547*j + 56991. Calculate z(36).
3
Let r(b) = -3*b**2 - 25*b + 26. What is r(1)?
-2
Let d(m) = m**3 - 4*m**2 - 18*m + 21. What is d(6)?
-15
Let k(z) = 5*z**3 - 21*z**2 - 16*z - 27. Calculate k(5).
-7
Let d(z) = 17*z**2 - 2749*z + 1933. Calculate d(161).
1
Let q(o) = -1299*o - 3810. Calculate q(-3).
87
Let o(g) = 655*g - 9828. What is o(15)?
-3
Let x(h) = -h**2 - 13*h + 1161. What is x(28)?
13
Let v(z) = 501*z + 2839. Give v(-6).
-167
Let w(c) = -c**2 + 26*c - 726. What is w(16)?
-566
Let w(j) = -j**3 - 15*j**2 - 24*j + 263. Give w(-8).
7
Let g(h) = -5*h**3 - 20*h**2 - 8*h + 17. Calculate g(-3).
-4
Let i(c) = -75*c**2 - 822*c + 42. What is i(-11)?
9
Let b(l) = -345*l + 10702. Give b(31).
7
Let g(x) = 28*x - 338. Give g(13).
26
Let g(q) = 3588*q + 218871. Give g(-61).
3
Let o(s) = s**2 - 17*s + 60. Determine o(23).
198
Let w(v) = v**3 - 22*v**2 - 40*v - 247. Give w(24).
-55
Let k(f) = 2*f**2 - 351*f + 1718. What is k(5)?
13
Let r(u) = 15*u - 103. Give r(-14).
-313
Let g(q) = -q**3 + 217*q**2 + 52*q - 11284. Determine g(217).
0
Let p(b) = 4900*b - 53918. Determine p(11).
-18
Let l(i) = -96*i**2 - 1154*i - 19. Give l(-12).
5
Let b(s) = 25*s + 1261. Give b(-48).
61
Let z(p) = 33*p - 3041. What is z(92)?
-5
Let i(a) = -42*a + 429. Determine i(8).
93
Let r(u) = 3987*u + 23893. Give r(-6).
-29
Let q(b) = -b - 126. Calculate q(0).
-126
Let p(w) = 12*w**2 + 101*w - 24. What is p(-8)?
-64
Let p(b) = 124*b - 27424. Give p(221).
-20
Let d(u) = -67*u + 522. Determine d(10).
-148
Let w(f) = -f**3 - 18*f**2 + 21*f + 59. Determine w(-19).
21
Let q(w) = -7*w**2 + 267*w + 76. Calculate q(39).
-158
Let o(j) = -3*j**2 + 104*j - 875. Determine o(24).
-107
Let l(s) = -2*s**2 + 122*s - 558. Determine l(5).
2
Let d(v) = -3*v**2 - 104*v + 259. Calculate d(-37).
0
Let j(q) = -q**3 + 8*q**2 + 60*q + 66. Determ